tors of 11042052.
2, 3, 7, 89, 211
What are the prime factors of 47320?
2, 5, 7, 13
List the prime factors of 217278.
2, 3, 12071
What are the prime factors of 104452?
2, 26113
List the prime factors of 254649.
3, 29, 2927
List the prime factors of 22473090.
2, 3, 5, 43, 5807
What are the prime factors of 33421?
19, 1759
List the prime factors of 295387.
295387
What are the prime factors of 690644?
2, 23, 7507
What are the prime factors of 166286?
2, 29, 47, 61
List the prime factors of 2008482.
2, 3, 7, 17, 29, 97
List the prime factors of 3410843.
503, 6781
List the prime factors of 123740.
2, 5, 23, 269
What are the prime factors of 787054?
2, 193, 2039
List the prime factors of 1118421.
3, 23, 1801
What are the prime factors of 177356?
2, 101, 439
List the prime factors of 240713.
11, 79, 277
List the prime factors of 3774469.
3774469
List the prime factors of 405227.
405227
List the prime factors of 192922.
2, 96461
What are the prime factors of 912395?
5, 11, 53, 313
List the prime factors of 209645.
5, 23, 1823
List the prime factors of 196562.
2, 29, 3389
What are the prime factors of 118760?
2, 5, 2969
What are the prime factors of 7287893?
163, 44711
What are the prime factors of 2236231?
17, 131543
What are the prime factors of 2772100?
2, 5, 19, 1459
List the prime factors of 115736.
2, 17, 23, 37
List the prime factors of 23592649.
23592649
List the prime factors of 42326144.
2, 7, 97, 487
List the prime factors of 3708569.
53, 167, 419
What are the prime factors of 3044160?
2, 3, 5, 7, 151
What are the prime factors of 239429?
239429
List the prime factors of 382579.
382579
What are the prime factors of 476969?
17, 28057
List the prime factors of 381259.
17, 41, 547
List the prime factors of 524501.
17, 30853
List the prime factors of 539067.
3, 179689
List the prime factors of 40474194.
2, 3, 1451, 4649
List the prime factors of 142868.
2, 11, 17, 191
What are the prime factors of 928515?
3, 5, 7, 37, 239
List the prime factors of 578590.
2, 5, 57859
List the prime factors of 345295.
5, 53, 1303
What are the prime factors of 1998671?
709, 2819
What are the prime factors of 7757104?
2, 271, 1789
List the prime factors of 1341290.
2, 5, 134129
List the prime factors of 2021734.
2, 11, 13, 7069
List the prime factors of 3777998.
2, 7, 19, 2029
List the prime factors of 109808.
2, 6863
List the prime factors of 214305.
3, 5, 7, 13, 157
List the prime factors of 183517.
23, 79, 101
List the prime factors of 9996561.
3, 17, 29, 751
What are the prime factors of 541859?
541859
What are the prime factors of 152688?
2, 3, 3181
List the prime factors of 85562.
2, 179, 239
List the prime factors of 194044.
2, 139, 349
What are the prime factors of 156496?
2, 9781
What are the prime factors of 17326216?
2, 757, 2861
List the prime factors of 1434892.
2, 358723
What are the prime factors of 538213?
13, 19, 2179
List the prime factors of 70736.
2, 4421
List the prime factors of 253242.
2, 3, 11, 1279
List the prime factors of 3566669.
3566669
List the prime factors of 289695.
3, 5, 7, 31, 89
What are the prime factors of 752111?
752111
What are the prime factors of 827489?
13, 53, 1201
What are the prime factors of 494045?
5, 98809
List the prime factors of 252343.
7, 13, 47, 59
List the prime factors of 79356.
2, 3, 17, 389
What are the prime factors of 3727779?
3, 11, 83, 1361
What are the prime factors of 4520540?
2, 5, 226027
List the prime factors of 983488.
2, 11, 127
List the prime factors of 4766.
2, 2383
What are the prime factors of 14095135?
5, 571, 4937
What are the prime factors of 16371666?
2, 3, 113, 2683
What are the prime factors of 403979?
403979
List the prime factors of 146211.
3, 13, 23, 163
What are the prime factors of 10158289?
823, 12343
List the prime factors of 13183577.
11, 23, 107, 487
List the prime factors of 2122184.
2, 265273
List the prime factors of 5252264.
2, 41, 67, 239
List the prime factors of 257772.
2, 3, 21481
What are the prime factors of 27611639?
11, 2510149
List the prime factors of 157760.
2, 5, 17, 29
What are the prime factors of 557830?
2, 5, 7, 13, 613
What are the prime factors of 128286?
2, 3, 7127
List the prime factors of 16898439.
3, 2087, 2699
What are the prime factors of 128973?
3, 13, 3307
List the prime factors of 1411159.
1411159
List the prime factors of 1263395.
5, 7, 36097
List the prime factors of 174321.
3, 7, 2767
What are the prime factors of 33085?
5, 13, 509
What are the prime factors of 556925?
5, 22277
List the prime factors of 6631983.
3, 245629
What are the prime factors of 1848981?
3, 616327
What are the prime factors of 344762?
2, 11, 15671
What are the prime factors of 29058592?
2, 908081
What are the prime factors of 1487250?
2, 3, 5, 661
What are the prime factors of 397601?
23, 59, 293
List the prime factors of 943651.
943651
What are the prime factors of 10163056?
2, 23, 27617
What are the prime factors of 305998?
2, 7, 11, 1987
List the prime factors of 224742.
2, 3, 7, 5351
What are the prime factors of 85269?
3, 43, 661
What are the prime factors of 405655?
5, 81131
What are the prime factors of 1056433?
7, 150919
What are the prime factors of 71165?
5, 43, 331
List the prime factors of 295318.
2, 149, 991
List the prime factors of 6503.
7, 929
What are the prime factors of 167145?
3, 5, 11, 1013
List the prime factors of 1126847.
1126847
What are the prime factors of 211189?
11, 73, 263
List the prime factors of 20768318.
2, 491, 21149
What are the prime factors of 19334964?
2, 3, 11, 146477
What are the prime factors of 129256?
2, 107, 151
What are the prime factors of 130624?
2, 13, 157
What are the prime factors of 12139956?
2, 3, 89, 421
What are the prime factors of 62597?
62597
What are the prime factors of 6377408?
2, 251, 397
List the prime factors of 4278456.
2, 3, 7, 13, 653
List the prime factors of 303995.
5, 163, 373
List the prime factors of 3062917.
11, 13, 21419
What are the prime factors of 14779520?
2, 5, 7, 3299
List the prime factors of 535904.
2, 16747
List the prime factors of 9919601.
23, 431287
List the prime factors of 170020.
2, 5, 8501
List the prime factors of 14667867.
3, 19, 31, 2767
List the prime factors of 267080.
2, 5, 11, 607
List the prime factors of 152606.
2, 76303
What are the prime factors of 303660?
2, 3, 5, 7, 241
List the prime factors of 1062419.
67, 101, 157
What are the prime factors of 12912842?
2, 6456421
What are the prime factors of 258196?
2, 17, 3797
List the prime factors of 10302748.
2, 17, 127, 1193
What are the prime factors of 1177291?
1177291
List the prime factors of 4585169.
83, 55243
List the prime factors of 3263015.
5, 7, 93229
List the prime factors of 573656.
2, 71707
List the prime factors of 4710731.
29, 162439
What are the prime factors of 815289?
3, 359, 757
List the prime factors of 587358.
2, 3, 73, 149
List the prime factors of 7339201.
73, 100537
List the prime factors of 1458096.
2, 3, 37, 821
List the prime factors of 782269.
199, 3931
List the prime factors of 51993.
3, 53, 109
List the prime factors of 857789.
457, 1877
What are the prime factors of 82281?
3, 27427
List the prime factors of 3555192.
2, 3, 41, 3613
What are the prime factors of 12259774?
2, 509, 12043
List the prime factors of 313627.
31, 67, 151
What are the prime factors of 25532845?
5, 13, 73, 5381
List the prime factors of 50236.
2, 19, 661
List the prime factors of 1739372.
2, 17, 25579
What are the prime factors of 13725762?
2, 3, 2287627
What are the prime factors of 8766103?
2477, 3539
What are the prime factors of 79405?
5, 15881
What are the prime factors of 1360621?
31, 43891
List the prime factors of 8579656.
2, 1072457
List the prime factors of 1372565.
5, 223, 1231
What are the prime factors of 26254865?
5, 7, 13, 19, 3037
What are the prime factors of 984353?
984353
List the prime factors of 261214.
2, 131, 997
What are the prime factors of 2072910?
2, 3, 5, 7, 9871
What are the prime factors of 1252659?
3, 417553
List the prime factors of 130015.
5, 26003
What are the prime factors of 255385?
5, 13, 3929
What are the prime factors of 1978789?
229, 8641
List the prime factors of 638602.
2, 83, 3847
What are the prime factors of 12303929?
11, 263, 4253
What are the prime factors of 92669?
92669
Li